{"id":86,"date":"2016-02-16T14:40:03","date_gmt":"2016-02-16T14:40:03","guid":{"rendered":"http:\/\/demo.athemes.com\/astrid\/?page_id=86"},"modified":"2018-02-05T13:49:16","modified_gmt":"2018-02-05T13:49:16","slug":"service-2","status":"publish","type":"page","link":"https:\/\/www.geourbano.cl\/?page_id=86","title":{"rendered":"GeoLogistica"},"content":{"rendered":"<p style=\"text-align: justify;\">\nOfrecemos soluciones de transporte de carga nacional e internacional a\u00e9rea, mar\u00edtima y terrestre, servicios de mudanza, importaci\u00f3n y exportaci\u00f3n de equipamiento, gesti\u00f3n de proyectos de ingenier\u00eda y construcci\u00f3n entre otros, para entidades publicas y privada.<\/p>\n","protected":false},"excerpt":{"rendered":"<p>Ofrecemos soluciones de transporte de carga nacional e internacional a\u00e9rea, mar\u00edtima y terrestre, servicios de mudanza, importaci\u00f3n y exportaci\u00f3n de equipamiento, gesti\u00f3n de proyectos de ingenier\u00eda y construcci\u00f3n entre otros, para entidades publicas y privada.<\/p>\n","protected":false},"author":2,"featured_media":0,"parent":0,"menu_order":0,"comment_status":"closed","ping_status":"closed","template":"page-templates\/single-service.php","meta":{"footnotes":""},"class_list":["post-86","page","type-page","status-publish","hentry","clearfix"],"_links":{"self":[{"href":"https:\/\/www.geourbano.cl\/index.php?rest_route=\/wp\/v2\/pages\/86","targetHints":{"allow":["GET"]}}],"collection":[{"href":"https:\/\/www.geourbano.cl\/index.php?rest_route=\/wp\/v2\/pages"}],"about":[{"href":"https:\/\/www.geourbano.cl\/index.php?rest_route=\/wp\/v2\/types\/page"}],"author":[{"embeddable":true,"href":"https:\/\/www.geourbano.cl\/index.php?rest_route=\/wp\/v2\/users\/2"}],"replies":[{"embeddable":true,"href":"https:\/\/www.geourbano.cl\/index.php?rest_route=%2Fwp%2Fv2%2Fcomments&post=86"}],"version-history":[{"count":6,"href":"https:\/\/www.geourbano.cl\/index.php?rest_route=\/wp\/v2\/pages\/86\/revisions"}],"predecessor-version":[{"id":563,"href":"https:\/\/www.geourbano.cl\/index.php?rest_route=\/wp\/v2\/pages\/86\/revisions\/563"}],"wp:attachment":[{"href":"https:\/\/www.geourbano.cl\/index.php?rest_route=%2Fwp%2Fv2%2Fmedia&parent=86"}],"curies":[{"name":"wp","href":"https:\/\/api.w.org\/{rel}","templated":true}]}}