{"id":98,"date":"2016-02-16T14:42:40","date_gmt":"2016-02-16T14:42:40","guid":{"rendered":"http:\/\/demo.athemes.com\/astrid\/?page_id=98"},"modified":"2018-02-05T13:19:04","modified_gmt":"2018-02-05T13:19:04","slug":"project-2","status":"publish","type":"page","link":"https:\/\/www.geourbano.cl\/?page_id=98","title":{"rendered":"Fotogrametr\u00eda y Geom\u00e1tica"},"content":{"rendered":"<p style=\"text-align: justify;\">\nEn <strong>Geourbano Group<\/strong>, los proyectos de Fotogrametr\u00eda poseen el mas alto est\u00e1ndar de calidad, adapt\u00e1ndose en cualquier condici\u00f3n geogr\u00e1fica existente, a partir de distintas metodolog\u00edas que resuelvan el encargo de la mejor manera, con la optima calidad.<\/p>\n<ul>\n<li>Restituci\u00f3n Fotogram\u00e9trica tradicional y digital a escalas peque\u00f1as, medias y grandes.<\/li>\n<li>Planificaci\u00f3n y ejecuci\u00f3n de proyectos cartogr\u00e1ficos y catastrales a trav\u00e9s de metodolog\u00edas fotogram\u00e9tricas convencionales y digitales.<\/li>\n<li>Planificaci\u00f3n y ejecuci\u00f3n de proyectos cartogr\u00e1ficos y catastrales a trav\u00e9s de Ortofotos Digitales,<br \/>\nOrtofoto-Mosaicos, Mosaicos Controlados entre otros.<\/li>\n<li>Vuelos Fotogram\u00e9tricos: convencionales, l\u00e1ser, reconocimiento entre otros.<\/li>\n<\/ul>\n","protected":false},"excerpt":{"rendered":"<p>En Geourbano Group, los proyectos de Fotogrametr\u00eda poseen el mas alto est\u00e1ndar de calidad, adapt\u00e1ndose en cualquier condici\u00f3n geogr\u00e1fica existente, a partir de distintas metodolog\u00edas que resuelvan el encargo de la mejor manera, con la optima calidad. Restituci\u00f3n Fotogram\u00e9trica tradicional [&hellip;]<\/p>\n","protected":false},"author":2,"featured_media":441,"parent":0,"menu_order":0,"comment_status":"closed","ping_status":"closed","template":"page-templates\/single-project.php","meta":{"footnotes":""},"class_list":["post-98","page","type-page","status-publish","has-post-thumbnail","hentry","clearfix"],"_links":{"self":[{"href":"https:\/\/www.geourbano.cl\/index.php?rest_route=\/wp\/v2\/pages\/98","targetHints":{"allow":["GET"]}}],"collection":[{"href":"https:\/\/www.geourbano.cl\/index.php?rest_route=\/wp\/v2\/pages"}],"about":[{"href":"https:\/\/www.geourbano.cl\/index.php?rest_route=\/wp\/v2\/types\/page"}],"author":[{"embeddable":true,"href":"https:\/\/www.geourbano.cl\/index.php?rest_route=\/wp\/v2\/users\/2"}],"replies":[{"embeddable":true,"href":"https:\/\/www.geourbano.cl\/index.php?rest_route=%2Fwp%2Fv2%2Fcomments&post=98"}],"version-history":[{"count":7,"href":"https:\/\/www.geourbano.cl\/index.php?rest_route=\/wp\/v2\/pages\/98\/revisions"}],"predecessor-version":[{"id":554,"href":"https:\/\/www.geourbano.cl\/index.php?rest_route=\/wp\/v2\/pages\/98\/revisions\/554"}],"wp:featuredmedia":[{"embeddable":true,"href":"https:\/\/www.geourbano.cl\/index.php?rest_route=\/wp\/v2\/media\/441"}],"wp:attachment":[{"href":"https:\/\/www.geourbano.cl\/index.php?rest_route=%2Fwp%2Fv2%2Fmedia&parent=98"}],"curies":[{"name":"wp","href":"https:\/\/api.w.org\/{rel}","templated":true}]}}